13 = 5*o - 5*h - 2, -3*h = 3*o - 15. Suppose 3*i - o*c - 178 = 0, i + 2*c = -3*i + 230. What is the tens digit of i?
5
What is the units digit of 3*-888*(-7)/14?
2
Suppose 16*x + 101 = 4261. What is the hundreds digit of x?
2
Suppose 3*c = 2*k + 1973, 0 = -2*c - 4*k + 486 + 808. What is the tens digit of c?
5
Let v(q) = -q**2 + 20*q - 17. Let t(l) = -l**2 - l + 28. Let c be t(-5). What is the tens digit of v(c)?
7
Let l(y) = -2*y - 18. Let p be l(-14). Suppose -4 = 3*s - p. Suppose -2*x + s = -108. What is the units digit of x?
5
Let d(r) be the first derivative of 3*r**3 - 13*r**2/2 + 39*r + 48. What is the tens digit of d(4)?
3
Let q be 0 - (3 + 24/(-4)). Suppose -273 = -4*m - 5*b, -m - q*b = -3*m + 131. What is the units digit of m?
7
Let n be (2/4)/((-4)/56). Let f = -21 - n. What is the units digit of (f/(-4))/(-7)*-42?
1
Let w(l) = l**2 - 7*l + 8. Let z be w(6). Let p be 2/(-1)*(-2)/z. What is the tens digit of (p*9)/2*3?
2
Suppose -2*q + 3*a + 37 = 0, q + 3*q - 47 = -3*a. Suppose -y - 2*k + 43 = -q, 0 = -2*y - 3*k + 112. Suppose y = 2*z - 11. What is the units digit of z?
2
Suppose 0 = 4*x - 3*u - 69, 2*u = 2 + 8. Suppose 4*v - x = -9. Suppose 4*z - v*m - 257 = -8*m, 4*m + 122 = 2*z. What is the units digit of z?
3
Suppose 2*a = 3*b - 6355, 5*a - 10600 = 2*b - 7*b. What is the tens digit of b?
1
Suppose -10*s = 11*s - 630. What is the tens digit of s?
3
Let r(u) be the first derivative of 2 + 1/4*u**4 + 7*u - 8*u**2 + 14/3*u**3. What is the units digit of r(-15)?
2
Suppose 0 = 3*z + 9*b - 14*b - 430, -5*z - 2*b + 727 = 0. What is the tens digit of z?
4
Let f be -2 - (-4 + (0 - 2)). Suppose -b + 5*b = f. What is the tens digit of b - (-3 - 20 - 0)?
2
Let k = 809 + -462. What is the units digit of k?
7
Let l be (5 + 230/(-25))*(-6 + 1). Let h = l + 103. What is the units digit of h?
4
Let s(d) = -5*d + 6 - 17 + 2*d. Let m be s(-5). What is the units digit of 3*m/(-12) + 11?
0
Let i = -5 + 16. Let q be (-1 - 1)*14/(-4)*1. Suppose 200 = i*h - q*h. What is the units digit of h?
0
Let v = -15 - -26. Suppose 144 = v*u - 131. What is the tens digit of u?
2
Suppose 499 = -c + 3*c - 3*h, -3*h = 3*c - 741. Suppose 2*f + 118 = v + 3*f, -2*v = -f - c. What is the tens digit of v?
2
Suppose 5*b + 578 + 372 = 0. Let j = -133 - b. What is the units digit of j?
7
Suppose -654 = -7*q + 1005. Suppose 77*a + q = 80*a. What is the tens digit of a?
7
Let k = -64 - 3. Let p = 109 + k. What is the units digit of p?
2
Suppose -13*a - 2 = 11. What is the units digit of ((-32)/(-2) - a)/((-2)/(-14))?
9
Let v(d) = -3*d**2 - d + 24. Let a(i) = 8*i**2 + 2*i - 48. Let c(m) = 2*a(m) + 5*v(m). Let s be ((-2)/2 - -1)/2. What is the tens digit of c(s)?
2
Let u = -11 - -11. Suppose u = 3*g + 3*g. Suppose g*t + 5*t - 160 = 0. What is the units digit of t?
2
Let t be ((-9)/6)/((-8)/48). Let z(k) = -k + 13*k - k**2 - 5 - 12. What is the units digit of z(t)?
0
Suppose -9*q + 3 = -60. Suppose -452 = 3*g - q*g. What is the units digit of g?
3
Suppose 13*g = 7*g + 132. What is the tens digit of g?
2
Let t = -78 + 78. Let j(v) = v - 2*v + 3 + 1. What is the units digit of j(t)?
4
Let r(n) = n**3 - 9*n**2 + n - 13. Let z be r(9). What is the units digit of 1 + (z - -1) + 6 + 37?
1
What is the thousands digit of 6122/6*(-112 + 115)?
3
Suppose 40*d - 31*d - 24345 = 0. What is the units digit of d?
5
Let w(q) = 3*q**3 - 19*q**2 + 6*q + 18. Let g(r) = 8*r**3 - 57*r**2 + 17*r + 53. Let m(t) = -4*g(t) + 11*w(t). What is the units digit of m(-19)?
4
Suppose 2*s = -3*i + 335, 774 = 5*s + 2*i - 36. Suppose w - 4*w + 12 = 0. Suppose -w*a = -8*a + s. What is the tens digit of a?
4
Let a(q) = 2*q**2 - q - 18. Suppose 0*i = 3*i - 21. What is the units digit of a(i)?
3
Let h(d) = -8*d**3 + 2*d**2 - 10*d - 5. What is the hundreds digit of h(-4)?
5
Suppose -5*m + 14 + 16 = 0. Suppose -3*f = m, -31 = -2*u - f - 1. What is the tens digit of u?
1
What is the tens digit of -7 + (-1060)/(-4) + 3?
6
Let u(j) = 28*j + 20. What is the units digit of u(4)?
2
Suppose -3*s + s = 3*s. Suppose s = 5*m - 169 - 221. What is the tens digit of m?
7
Suppose -22*r - 55290 = -60*r. What is the hundreds digit of r?
4
Let f be (4/(-10))/((-19)/475). What is the hundreds digit of (12/f)/(14/2415)?
2
Suppose 0 = -q - q - 3*z + 258, 0 = 2*q + 2*z - 254. Let j = -51 + q. What is the units digit of j?
2
Let i = -8 + 5. Let v(l) = -20*l - 7. What is the tens digit of v(i)?
5
Suppose -2*k + 11 + 3 = 0. Let b(m) = 127*m - 123*m + 1 - 9. What is the units digit of b(k)?
0
Let y be 12/(-72) - (-2090)/12. Suppose 2*l + y = 4*l. What is the tens digit of l?
8
What is the units digit of 1263 - (1 + 0/(-5))?
2
What is the units digit of (-4)/(-7) + ((-73512)/(-126) - 11)?
3
Suppose 25 = -5*u, 0 = 4*t - u - 4*u - 1609. What is the tens digit of t?
9
Suppose 3*x + 2679 = v, 5*v + 3*x + 1989 = 15456. What is the hundreds digit of v?
6
Let u be (-10)/(-4)*72/30. Suppose 2*x - u*x = -440. What is the tens digit of x?
1
Let k = 23 + -21. Suppose -4*d = -5*m + 527, k*m + 4*d - 220 = d. What is the units digit of m?
7
Let d = 352 + -206. What is the tens digit of d?
4
Let m be ((-20)/(-12) - 2)*0. Suppose -2*r + m*r - 8 = 0. Let g(t) = -5*t - 3. What is the tens digit of g(r)?
1
Let v = 389 - -420. What is the tens digit of v?
0
Suppose 5*h - 15 = 25. Let u = -3 + h. What is the tens digit of 4/10 + 148/u?
3
What is the hundreds digit of 2/6*((-10 - -2171) + -10)?
7
Let p(t) = t**2. Let m be (6 - 8)*(-46)/(-4). Let r = m - -27. What is the units digit of p(r)?
6
Suppose 3*k - 11 = -4*n, -6*n + 3*n + 6 = 2*k. Suppose k*i = -2*i + 1089. What is the tens digit of i?
9
Suppose 0 = -f - 2*f + 72. Let m be ((f + 3)/3)/1. What is the units digit of 12/(-18)*m/(-6)?
1
What is the tens digit of -1*39/(-2)*918/81?
2
Suppose a - 2 = 0, 2*j = 6*j + 2*a - 72. What is the hundreds digit of j - 14 - (-267 + 1)?
2
What is the tens digit of (-48257)/(-22 - -11) - -3?
9
Suppose 0*i + 5*i - 35 = 0. Suppose -5*g = 4*t - i - 2, -g + 25 = -5*t. What is the units digit of 2/t + 14/4?
3
What is the units digit of -2 + (29664/(-64))/((-2)/4)?
5
Let k = -290 + 540. Let i = -166 + k. What is the tens digit of i?
8
Suppose 0 = -14*a - 8833 + 66975. What is the thousands digit of a?
4
Let v(y) = -78*y - 3. What is the units digit of v(-8)?
1
Suppose 3*m + 0*m = 3*r - 12, -4*r = -16. Let c = m + 2. Suppose -c*u - 53 = -3*n, -7*n - u = -2*n - 84. What is the tens digit of n?
1
Let x(l) = 3*l + 8. Let k be x(-2). Let c be k/9 + 203/(-63). Let w(y) = -6*y + 6. What is the units digit of w(c)?
4
Let k be (-1)/(((-4)/(-6))/2). Let u be 14 - 0 - k/3. What is the units digit of (64/(-6))/((-10)/u)?
6
Let g(c) = -c**2 + 3*c + 10. Let v(d) = -2*d**2 + 3*d + 11. Let u(h) = 3*g(h) - 2*v(h). What is the units digit of u(-7)?
6
Suppose 0 = 2*x + z - 124 - 290, 0 = -3*z + 12. What is the units digit of x?
5
Suppose 12*u = 3033 + 5667. Let v = u + -435. What is the hundreds digit of v?
2
Let x(k) be the second derivative of 7*k**5/4 + k**3/6 + 11*k. What is the units digit of x(1)?
6
Let t(s) = s**3 - 29*s**2 - 26*s - 69. What is the tens digit of t(30)?
5
Let b(y) = 2*y**2 - 5. Let w be b(-2). Suppose 121 = w*u - 92. What is the units digit of u?
1
Suppose 3*s - 348 = -0*s. Suppose -6*i - s = -10*i. What is the tens digit of i?
2
Let i = -8 + 28. Suppose k = 5*k - i, -3*l - 3 = 3*k. What is the units digit of (-172)/(-6) + (-2)/l?
9
Let b(r) = -3*r + 6*r**2 + 1 + 9 + 0*r. What is the tens digit of b(5)?
4
Let c(u) = -19*u**2 + 2*u - 3. Let g be c(6). Let s(i) = i**2 - 10*i + 19. Let p be s(9). What is the units digit of (8/p)/((-18)/g)?
0
Let o be 28 - 34 - (2 - 61). Let l = 19 - 43. Let d = l + o. What is the tens digit of d?
2
Let a(u) = -11*u + 1. Let o be a(-2). Suppose o*s = 21*s + 90. What is the tens digit of s?
4
Suppose 4*p - 1100 = 260. What is the hundreds digit of p?
3
Suppose 0 = -4*p - p + 5. What is the units digit of (-1 - 4/p)*(-12 - 1)?
5
Let g(r) = r**2 - 6*r + 9. Let i(n) = -n**3 + 6*n**2 + n - 6. Let y be i(6). What is the units digit of g(y)?
9
Let t(p) = p**2 - 7*p + 4. Let j be t(6). Let d = 31 - j. Suppose 0*f + 3*f - d = 0. What is the tens digit of f?
1
Suppose 197 - 2805 = -8*w. What is the hundreds digit of w?
3
Let i(v) = -v**3 - 19*v**2 - 7*v + 46